{"id":363,"date":"2023-01-17T13:06:49","date_gmt":"2023-01-17T13:06:49","guid":{"rendered":"https:\/\/soulspaceyouth.com\/?page_id=363"},"modified":"2025-10-23T16:16:02","modified_gmt":"2025-10-23T16:16:02","slug":"jesus","status":"publish","type":"page","link":"https:\/\/soulspaceyouth.com\/index.php\/home\/jesus\/","title":{"rendered":"Jesus"},"content":{"rendered":"\n<div class=\"wp-block-uagb-container uagb-block-d9d5c99b alignfull uagb-is-root-container\">\n<div class=\"wp-block-uagb-container uagb-block-38f3a2f6\">\n<figure class=\"wp-block-image alignright size-full\"><img loading=\"lazy\" decoding=\"async\" width=\"1024\" height=\"576\" src=\"https:\/\/soulspaceyouth.com\/wp-content\/uploads\/2022\/12\/PIX-Jesus-Copy.jpg\" alt=\"Jesus page\" class=\"wp-image-52\" srcset=\"https:\/\/soulspaceyouth.com\/wp-content\/uploads\/2022\/12\/PIX-Jesus-Copy.jpg 1024w, https:\/\/soulspaceyouth.com\/wp-content\/uploads\/2022\/12\/PIX-Jesus-Copy-300x169.jpg 300w, https:\/\/soulspaceyouth.com\/wp-content\/uploads\/2022\/12\/PIX-Jesus-Copy-768x432.jpg 768w\" sizes=\"auto, (max-width: 1024px) 100vw, 1024px\" \/><\/figure>\n<\/div>\n\n\n\n<div class=\"wp-block-uagb-container uagb-block-08679d69\">\n<h1 class=\"wp-block-heading has-text-align-left\">Jesus<\/h1>\n<\/div>\n<\/div>\n\n\n\n<hr class=\"wp-block-separator has-alpha-channel-opacity\"\/>\n\n\n\n<div class=\"wp-block-uagb-container uagb-block-ef9010cc alignwide uagb-is-root-container\">\n<div class=\"wp-block-uagb-container uagb-block-6ebb1fe9\">\n<div class=\"wp-block-columns is-layout-flex wp-container-core-columns-is-layout-28f84493 wp-block-columns-is-layout-flex\">\n<div class=\"wp-block-column is-layout-flow wp-block-column-is-layout-flow\" style=\"flex-basis:100%\">\n<div class=\"wp-block-uagb-info-box uagb-block-bd611756 uagb-infobox__content-wrap  uagb-infobox-icon-above-title uagb-infobox-image-valign-top\"><div class=\"uagb-ifb-content\"><div class=\"uagb-ifb-image-content\"><img decoding=\"async\" src=\"https:\/\/soulspaceyouth.com\/wp-content\/uploads\/2022\/12\/Who-is-Jesus.jpg\" alt=\"\" width=\"155\" height=\"116\" loading=\"lazy\"\/><\/div><div class=\"uagb-ifb-title-wrap\"><h3 class=\"uagb-ifb-title\"><a href=\"https:\/\/soulspaceyouth.com\/wp-admin\/admin.php?page=seedprod_lite_builder&amp;id=427#\/setup\/427\/block-options\" target=\"_blank\" rel=\"noopener\" title=\"Who is Jesus?\">Who is Jesus?<\/a><\/h3><\/div><p class=\"uagb-ifb-desc\">Did Jesus exist? Was he real but became legendary?<br>What have people said about him? What claims did he make?<\/p><div class=\"uagb-ifb-button-wrapper wp-block-button\"><a href=\"https:\/\/soulspaceyouth.com\/wp-admin\/admin.php?page=seedprod_lite_builder&amp;id=427#\/setup\/427\/block-options\" class=\"uagb-infobox-cta-link wp-block-button__link\" target=\"_blank\" rel=\"noopener noreferrer\" onclick=\"return true;\"><span class=\"uagb-inline-editing\">Read More<\/span><\/a><\/div><\/div><\/div>\n<\/div>\n<\/div>\n<\/div>\n\n\n\n<div class=\"wp-block-uagb-container uagb-block-7eac5977\">\n<div class=\"wp-block-uagb-info-box uagb-block-23e544cb uagb-infobox__content-wrap  uagb-infobox-icon-above-title uagb-infobox-image-valign-top\"><div class=\"uagb-ifb-content\"><div class=\"uagb-ifb-image-content\"><img decoding=\"async\" src=\"https:\/\/soulspaceyouth.com\/wp-content\/uploads\/2023\/01\/Family-tree-Fotolia.jpg\" alt=\"\" width=\"130\" height=\"117\" loading=\"lazy\"\/><\/div><div class=\"uagb-ifb-title-wrap\"><h3 class=\"uagb-ifb-title\"><a href=\"https:\/\/soulspaceyouth.com\/index.php\/home\/jesus\/jesus-family-tree\/\" target=\"_blank\" rel=\"noopener\" title=\"Jesus' Family Tree\">Jesus&#8217; Family Tree<\/a><\/h3><\/div><p class=\"uagb-ifb-desc\">Jesus had many types of people in his family tree, &#8216;the good, the bad and the ugly&#8217;. <\/p><div class=\"uagb-ifb-button-wrapper wp-block-button\"><a href=\"https:\/\/soulspaceyouth.com\/index.php\/home\/jesus\/jesus-family-tree\/\" class=\"uagb-infobox-cta-link wp-block-button__link\" target=\"_blank\" rel=\"noopener noreferrer\" onclick=\"return true;\"><span class=\"uagb-inline-editing\">Read More<\/span><\/a><\/div><\/div><\/div>\n<\/div>\n\n\n\n<div class=\"wp-block-uagb-container uagb-block-4e3058fb\">\n<div class=\"wp-block-uagb-info-box uagb-block-3d106790 uagb-infobox__content-wrap  uagb-infobox-icon-above-title uagb-infobox-image-valign-top\"><div class=\"uagb-ifb-content\"><div class=\"uagb-ifb-image-content\"><img decoding=\"async\" src=\"https:\/\/soulspaceyouth.com\/wp-content\/uploads\/2022\/12\/sun-304632_640-12kb-150x150.jpg\" alt=\"\" width=\"120\" height=\"120\" loading=\"lazy\"\/><\/div><div class=\"uagb-ifb-title-wrap\"><h3 class=\"uagb-ifb-title\"><a href=\"https:\/\/soulspaceyouth.com\/?page_id=308&amp;preview_id=308&amp;preview_nonce=8b8b2e0821&amp;preview=true\" target=\"_blank\" rel=\"noopener\" title=\"\">Christ before Christmas<\/a><\/h3><\/div><p class=\"uagb-ifb-desc\">Looking at where Jesus appears in the Old Testament. <br><br><\/p><div class=\"uagb-ifb-button-wrapper wp-block-button\"><a href=\"https:\/\/soulspaceyouth.com\/?page_id=308&amp;preview_id=308&amp;preview_nonce=8b8b2e0821&amp;preview=true\" class=\"uagb-infobox-cta-link wp-block-button__link\" target=\"_blank\" rel=\"noopener noreferrer\" onclick=\"return true;\"><span class=\"uagb-inline-editing\">Read More<\/span><\/a><\/div><\/div><\/div>\n<\/div>\n\n\n\n<div class=\"wp-block-uagb-container uagb-block-8028cf94\">\n<div class=\"wp-block-uagb-info-box uagb-block-cc7ae259 uagb-infobox__content-wrap  uagb-infobox-icon-above-title uagb-infobox-image-valign-top\"><div class=\"uagb-ifb-content\"><div class=\"uagb-ifb-image-content\"><img decoding=\"async\" src=\"https:\/\/soulspaceyouth.com\/wp-content\/uploads\/2023\/01\/Turkey-145x150.jpg\" alt=\"\" width=\"118\" height=\"122\" loading=\"lazy\"\/><\/div><div class=\"uagb-ifb-title-wrap\"><h3 class=\"uagb-ifb-title\"><a href=\"https:\/\/soulspaceyouth.com\/wp-admin\/upload.php?item=826\" target=\"_blank\" rel=\"noopener\" title=\"Horrid Herod's Christmas Turkey\">Horrid Herod&#8217;s Christmas Turkey <\/a><\/h3><\/div><p class=\"uagb-ifb-desc\">Drama sketch<\/p><div class=\"uagb-ifb-button-wrapper wp-block-button\"><a href=\"#\" class=\"uagb-infobox-cta-link wp-block-button__link\" target=\"_self\" rel=\"noopener noreferrer\" onclick=\"return false;\"><span class=\"uagb-inline-editing\">soon<\/span><\/a><\/div><\/div><\/div>\n<\/div>\n<\/div>\n\n\n\n<div class=\"wp-block-uagb-container uagb-block-b9537828 alignwide uagb-is-root-container\">\n<div class=\"wp-block-uagb-container uagb-block-1839974f\">\n<div class=\"wp-block-uagb-info-box uagb-block-845e970a uagb-infobox__content-wrap  uagb-infobox-icon-above-title uagb-infobox-image-valign-top\"><div class=\"uagb-ifb-content\"><div class=\"uagb-ifb-image-content\"><img decoding=\"async\" src=\"https:\/\/soulspaceyouth.com\/wp-content\/uploads\/2023\/01\/Missing-Boy.png\" alt=\"\" width=\"180\" height=\"162\" loading=\"lazy\"\/><\/div><div class=\"uagb-ifb-title-wrap\"><h3 class=\"uagb-ifb-title\"><a href=\"https:\/\/soulspaceyouth.com\/wp-admin\/post.php?post=268&amp;action=edit\" target=\"_blank\" rel=\"noopener\" title=\"\">Lost Child Found in Temple<\/a><\/h3><\/div><p class=\"uagb-ifb-desc\">Story based on Jesus at the Temple when he was twelve. Even Jesus had misunderstandings with his parents. <\/p><div class=\"uagb-ifb-button-wrapper wp-block-button\"><a href=\"https:\/\/soulspaceyouth.com\/index.php\/home\/jesus\/lost-child-found-in-temple-2\/\" class=\"uagb-infobox-cta-link wp-block-button__link\" target=\"_blank\" rel=\"noopener noreferrer\" onclick=\"return true;\"><span class=\"uagb-inline-editing\">Read More<\/span><\/a><\/div><\/div><\/div>\n<\/div>\n\n\n\n<div class=\"wp-block-uagb-container uagb-block-1f334e1f\">\n<div class=\"wp-block-uagb-info-box uagb-block-5d6462cc uagb-infobox__content-wrap  uagb-infobox-icon-above-title uagb-infobox-image-valign-top\"><div class=\"uagb-ifb-content\"><div class=\"uagb-ifb-image-content\"><img decoding=\"async\" src=\"https:\/\/soulspaceyouth.com\/wp-content\/uploads\/2023\/01\/Miracles-of-Jesus-WDCWTK-sq.jpg\" alt=\"\" width=\"120\" height=\"134\" loading=\"lazy\"\/><\/div><div class=\"uagb-ifb-title-wrap\"><h3 class=\"uagb-ifb-title\"><a href=\"https:\/\/soulspaceyouth.com\/index.php\/home\/jesus\/jesus-miracles\/\" target=\"_blank\" rel=\"noopener\" title=\"\">Jesus Miracles<\/a><\/h3><\/div><p class=\"uagb-ifb-desc\">Did They Happen?<br>Can we believe in miracles?<br>Do Miracles still Happen Today?<br>\u2018Jesus Superhero\u2019 drama sketch<\/p><div class=\"uagb-ifb-button-wrapper wp-block-button\"><a href=\"https:\/\/soulspaceyouth.com\/index.php\/home\/jesus\/jesus-miracles\/\" class=\"uagb-infobox-cta-link wp-block-button__link\" target=\"_blank\" rel=\"noopener noreferrer\" onclick=\"return true;\"><span class=\"uagb-inline-editing\">Read More<\/span><\/a><\/div><\/div><\/div>\n<\/div>\n\n\n\n<div class=\"wp-block-uagb-container uagb-block-a6300e5c\">\n<div class=\"wp-block-uagb-info-box uagb-block-35dd1829 uagb-infobox__content-wrap  uagb-infobox-icon-above-title uagb-infobox-image-valign-top\"><div class=\"uagb-ifb-content\"><div class=\"uagb-ifb-icon-wrap\"><svg xmlns=\"https:\/\/www.w3.org\/2000\/svg\" viewBox=\"0 0 512 512\"><path d=\"M0 256C0 114.6 114.6 0 256 0C397.4 0 512 114.6 512 256C512 397.4 397.4 512 256 512C114.6 512 0 397.4 0 256zM371.8 211.8C382.7 200.9 382.7 183.1 371.8 172.2C360.9 161.3 343.1 161.3 332.2 172.2L224 280.4L179.8 236.2C168.9 225.3 151.1 225.3 140.2 236.2C129.3 247.1 129.3 264.9 140.2 275.8L204.2 339.8C215.1 350.7 232.9 350.7 243.8 339.8L371.8 211.8z\"><\/path><\/svg><\/div><div class=\"uagb-ifb-title-wrap\"><h3 class=\"uagb-ifb-title\">Easter Week<\/h3><\/div><p class=\"uagb-ifb-desc\"><mark style=\"background-color:var(--ast-global-color-6)\" class=\"has-inline-color has-ast-global-color-0-color\">Coming soon<\/mark><\/p><\/div><\/div>\n<\/div>\n\n\n\n<div class=\"wp-block-uagb-info-box uagb-block-78e025d6 uagb-infobox__content-wrap  uagb-infobox_cta-type-all uagb-infobox-icon-above-title uagb-infobox-image-valign-top\"><a href=\"https:\/\/soulspaceyouth.com\/?page_id=809&amp;preview_id=809&amp;preview_nonce=bd56b573a8&amp;preview=true\" class=\"uagb-infobox-link-wrap uagb-infbox__link-to-all\" target=\"_blank\" aria-label=\"Infobox Link\" rel=\"noopener noreferrer\" onclick=\"return true;\"><\/a><div class=\"uagb-ifb-content\"><div class=\"uagb-ifb-image-content\"><img decoding=\"async\" src=\"https:\/\/soulspaceyouth.com\/wp-content\/uploads\/2022\/12\/Emmaus-road-OT-Pixabay.jpg\" alt=\"\" width=\"448\" height=\"299\" loading=\"lazy\"\/><\/div><div class=\"uagb-ifb-title-wrap\"><h3 class=\"uagb-ifb-title\">Emmaus Road Trip<\/h3><\/div><p class=\"uagb-ifb-desc\">What did Jesus explain? <br>Looking at Easter prophecies in the Old Testament<\/p><div class=\"uagb-ifb-button-wrapper wp-block-button\"><\/div><\/div><\/div>\n<\/div>\n\n\n\n<p><\/p>\n\n\n\n<p><\/p>\n\n\n\n<p class=\"has-small-font-size\">Image credits: Fotolia, Pixabay, Microsoft clip art (old version), https:\/\/www.whatchristianswanttoknow.com\/miracles-of-jesus-10-new-testament-bible-stories, Noema Br\u00e1d\u0148ansk\u00e1 Ondr\u00e1sek.<\/p>\n","protected":false},"excerpt":{"rendered":"<p>Jesus Image credits: Fotolia, Pixabay, Microsoft clip art (old version), https:\/\/www.whatchristianswanttoknow.com\/miracles-of-jesus-10-new-testament-bible-stories, Noema Br\u00e1d\u0148ansk\u00e1 Ondr\u00e1sek.<\/p>\n","protected":false},"author":1,"featured_media":0,"parent":365,"menu_order":3,"comment_status":"closed","ping_status":"closed","template":"","meta":{"om_disable_all_campaigns":false,"_uag_custom_page_level_css":"","site-sidebar-layout":"default","site-content-layout":"","ast-site-content-layout":"default","site-content-style":"default","site-sidebar-style":"default","ast-global-header-display":"","ast-banner-title-visibility":"","ast-main-header-display":"","ast-hfb-above-header-display":"","ast-hfb-below-header-display":"","ast-hfb-mobile-header-display":"","site-post-title":"disabled","ast-breadcrumbs-content":"","ast-featured-img":"","footer-sml-layout":"","theme-transparent-header-meta":"","adv-header-id-meta":"","stick-header-meta":"","header-above-stick-meta":"","header-main-stick-meta":"","header-below-stick-meta":"","astra-migrate-meta-layouts":"set","ast-page-background-enabled":"default","ast-page-background-meta":{"desktop":{"background-color":"var(--ast-global-color-4)","background-image":"","background-repeat":"repeat","background-position":"center center","background-size":"auto","background-attachment":"scroll","background-type":"","background-media":"","overlay-type":"","overlay-color":"","overlay-gradient":""},"tablet":{"background-color":"","background-image":"","background-repeat":"repeat","background-position":"center center","background-size":"auto","background-attachment":"scroll","background-type":"","background-media":"","overlay-type":"","overlay-color":"","overlay-gradient":""},"mobile":{"background-color":"","background-image":"","background-repeat":"repeat","background-position":"center center","background-size":"auto","background-attachment":"scroll","background-type":"","background-media":"","overlay-type":"","overlay-color":"","overlay-gradient":""}},"ast-content-background-meta":{"desktop":{"background-color":"var(--ast-global-color-5)","background-image":"","background-repeat":"repeat","background-position":"center center","background-size":"auto","background-attachment":"scroll","background-type":"","background-media":"","overlay-type":"","overlay-color":"","overlay-gradient":""},"tablet":{"background-color":"var(--ast-global-color-5)","background-image":"","background-repeat":"repeat","background-position":"center center","background-size":"auto","background-attachment":"scroll","background-type":"","background-media":"","overlay-type":"","overlay-color":"","overlay-gradient":""},"mobile":{"background-color":"var(--ast-global-color-5)","background-image":"","background-repeat":"repeat","background-position":"center center","background-size":"auto","background-attachment":"scroll","background-type":"","background-media":"","overlay-type":"","overlay-color":"","overlay-gradient":""}},"footnotes":""},"class_list":["post-363","page","type-page","status-publish","hentry"],"aioseo_notices":[],"uagb_featured_image_src":{"full":false,"thumbnail":false,"medium":false,"medium_large":false,"large":false,"1536x1536":false,"2048x2048":false},"uagb_author_info":{"display_name":"Brenda","author_link":"https:\/\/soulspaceyouth.com\/index.php\/author\/brenda_lord\/"},"uagb_comment_info":0,"uagb_excerpt":"Jesus Image credits: Fotolia, Pixabay, Microsoft clip art (old version), https:\/\/www.whatchristianswanttoknow.com\/miracles-of-jesus-10-new-testament-bible-stories, Noema Br\u00e1d\u0148ansk\u00e1 Ondr\u00e1sek.","_links":{"self":[{"href":"https:\/\/soulspaceyouth.com\/index.php\/wp-json\/wp\/v2\/pages\/363","targetHints":{"allow":["GET"]}}],"collection":[{"href":"https:\/\/soulspaceyouth.com\/index.php\/wp-json\/wp\/v2\/pages"}],"about":[{"href":"https:\/\/soulspaceyouth.com\/index.php\/wp-json\/wp\/v2\/types\/page"}],"author":[{"embeddable":true,"href":"https:\/\/soulspaceyouth.com\/index.php\/wp-json\/wp\/v2\/users\/1"}],"replies":[{"embeddable":true,"href":"https:\/\/soulspaceyouth.com\/index.php\/wp-json\/wp\/v2\/comments?post=363"}],"version-history":[{"count":63,"href":"https:\/\/soulspaceyouth.com\/index.php\/wp-json\/wp\/v2\/pages\/363\/revisions"}],"predecessor-version":[{"id":1022,"href":"https:\/\/soulspaceyouth.com\/index.php\/wp-json\/wp\/v2\/pages\/363\/revisions\/1022"}],"up":[{"embeddable":true,"href":"https:\/\/soulspaceyouth.com\/index.php\/wp-json\/wp\/v2\/pages\/365"}],"wp:attachment":[{"href":"https:\/\/soulspaceyouth.com\/index.php\/wp-json\/wp\/v2\/media?parent=363"}],"curies":[{"name":"wp","href":"https:\/\/api.w.org\/{rel}","templated":true}]}}